number?
True
Is 136561809193 a composite number?
False
Is 4768062883 composite?
True
Is 18809131987 prime?
True
Is 1538631737 a composite number?
False
Is 6757031147 prime?
True
Is 124617892781 prime?
False
Is 12968148007 a composite number?
False
Is 145132991 a composite number?
True
Is 2587744309 a composite number?
False
Is 44354454609 prime?
False
Is 19448949227 a composite number?
True
Is 49376609 prime?
True
Is 9282382217 prime?
True
Is 14002160753 a prime number?
False
Is 19776880213 a prime number?
False
Is 6536655577 composite?
False
Is 11944155259 a composite number?
True
Is 2204083853 a prime number?
True
Is 754861389 composite?
True
Is 20892911749 a prime number?
True
Is 516155968303 prime?
True
Is 21509810437 prime?
False
Is 4616550467 a composite number?
False
Is 645893362 composite?
True
Is 1595500903 prime?
True
Is 6126205973 a composite number?
False
Is 660902087 prime?
True
Is 14776626721 a prime number?
True
Is 4906734893 prime?
False
Is 17649471971 composite?
False
Is 2821314131 composite?
False
Is 64965440609 a composite number?
True
Is 1102913827 a composite number?
False
Is 12740143237 a composite number?
False
Is 570052031 a prime number?
False
Is 482353483 prime?
False
Is 779797477 composite?
True
Is 13892093 a composite number?
False
Is 7978224949 a prime number?
False
Is 687175781 a prime number?
True
Is 24382108103 composite?
False
Is 11944385821 composite?
True
Is 51501677231 a prime number?
True
Is 233683361 a composite number?
True
Is 36897026533 a composite number?
True
Is 110442740977 composite?
False
Is 12865483721 prime?
True
Is 11610170987 a composite number?
False
Is 2793883133 a prime number?
False
Is 19350435901 a prime number?
False
Is 138073049 prime?
True
Is 3001783201 a composite number?
True
Is 10037046317 prime?
True
Is 198088406887 a prime number?
False
Is 757504639 composite?
True
Is 1494565474 a prime number?
False
Is 1984628353 a prime number?
True
Is 4142436083 composite?
True
Is 572818721 a composite number?
True
Is 1526657609 prime?
True
Is 2376921991 prime?
True
Is 788719159 prime?
True
Is 807759809 a prime number?
False
Is 17257115069 a prime number?
True
Is 4572961069 composite?
False
Is 1855286489 a prime number?
False
Is 267471396547 a composite number?
False
Is 35074669165 a prime number?
False
Is 126594498529 prime?
True
Is 107759269 a composite number?
False
Is 11184100117 composite?
True
Is 35948375971 composite?
False
Is 178932521 a prime number?
True
Is 4950655273 composite?
False
Is 274574101 a prime number?
True
Is 34942829 a composite number?
True
Is 3987956587 prime?
True
Is 67480670879 composite?
False
Is 2217086549 prime?
True
Is 88829106913 a composite number?
True
Is 2252302387 a composite number?
False
Is 145664423 a composite number?
False
Is 1717669321 composite?
False
Is 86459442541 a prime number?
False
Is 7511670511 composite?
False
Is 11649343201 a prime number?
True
Is 1785017545 a composite number?
True
Is 1447737817 prime?
True
Is 419870383451 prime?
True
Is 31919273 prime?
True
Is 6242103251 a prime number?
True
Is 425283841 composite?
False
Is 820027861 a composite number?
True
Is 8245847833 a composite number?
False
Is 116469877 a prime number?
False
Is 206391277 prime?
True
Is 220478537 composite?
False
Is 631773809 a composite number?
True
Is 96823894429 a composite number?
False
Is 3449621579 prime?
False
Is 6393163691 prime?
True
Is 908646493 prime?
True
Is 41736957767 a prime number?
True
Is 331217389 a prime number?
True
Is 7482887099 a prime number?
False
Is 675344183 prime?
True
Is 16131387673 a prime number?
True
Is 19667878313 a prime number?
False
Is 840928031 a composite number?
True
Is 59835061523 prime?
True
Is 89297155883 a composite number?
True
Is 129650179 composite?
True
Is 1886397413 a composite number?
True
Is 9378094769 prime?
True
Is 1802266285 a composite number?
True
Is 76444000333 composite?
True
Is 141725425222 prime?
False
Is 1556069563 prime?
True
Is 1225822331 composite?
False
Is 2153130883 a prime number?
False
Is 1588433963 prime?
True
Is 5258953333 a composite number?
True
Is 698871709 a composite number?
False
Is 241650163 prime?
True
Is 12180564439 a prime number?
True
Is 426442879 a prime number?
True
Is 30304889 composite?
True
Is 7968536473 composite?
False
Is 783875177 a composite number?
True
Is 3230211631 composite?
True
Is 711481363 a composite number?
False
Is 1308933779 composite?
True
Is 554788085 prime?
False
Is 1288226189 composite?
False
Is 87204700229 prime?
False
Is 5656485539 a prime number?
True
Is 35749052513 composite?
True
Is 8232641129 a composite number?
False
Is 566501279 composite?
True
Is 2148723821 a prime number?
True
Is 11862737 a prime number?
False
Is 2256631519 a prime number?
False
Is 3729731059 prime?
True
Is 75105456829 a prime number?
False
Is 570964937 a composite number?
True
Is 371646421 composite?
False
Is 51466110041 composite?
False
Is 4694043811 a prime number?
True
Is 7832302007 a prime number?
True
Is 223116037 a prime number?
True
Is 14787113357 a composite number?
False
Is 4306225619 prime?
True
Is 778776533 a composite number?
True
Is 54117943 a composite number?
True
Is 46055057371 composite?
True
Is 4166238299 a composite number?
False
Is 116236199 composite?
True
Is 24834299033 a composite number?
False
Is 81075541 a composite number?
False
Is 140466645457 a prime number?
False
Is 8107473239 composite?
False
Is 21053323 prime?
True
Is 16767667537 composite?
False
Is 2868604051 a composite number?
False
Is 88115512805 a composite number?
True
Is 12265581829 a composite number?
False
Is 505335349 prime?
True
Is 4134383821 a composite number?
False
Is 226609325011 composite?
False
Is 1053637261 a composite number?
True
Is 10820651071 composite?
True
Is 1093687769 composite?
False
Is 4025280437 a composite number?
True
Is 7661993147 prime?
False
Is 1984565731 composite?
False
Is 32388807889 prime?
False
Is 372782467 prime?
False
Is 50115950933 prime?
False
Is 302368247 a prime number?
True
Is 30665196301 a composite number?
False
Is 14551427327 a prime number?
True
Is 1151377313 a composite number?
True
Is 2323898177 composite?
False
Is 15477065059 composite?
False
Is 7067600497 a prime number?
False
Is 3244778639 a composite number?
True
Is 85687665851 composite?
False
Is 27331700951 composite?
True
Is 82358878659 composite?
True
Is 1032761971 a prime number?
False
Is 418633447 prime?
True
Is 3514083761 a composite number?
False
Is 13352987281 a composite number?
False
Is 2735492819 a prime number?
True
Is 3206667929 a prime number?
False
Is 24200378443 a prime number?
False
Is 620099 composite?
False
Is 104228212973 prime?
False
Is 75083736727 a composite number?
False
Is 112079027 a composite number?
True
Is 7800155113 prime?
True
Is 8607576667 a composite number?
False
Is 22719286121 prime?
False
Is 18244820239 a prime number?
True
Is 4730823677 a composite number?
False
Is 3708126179 a prime number?
True
Is 5008998389 prime?
True
Is 93161771 prime?
False
Is 4842960721 prime?
False
Is 102282977 a prime number?
True
Is 16400336971 composite?
False
Is 155183748715 prime?
False
Is 36237950311 a prime number?
False
Is 10171560761 composite?
False
Is 11128300619 composite?
False
Is 5174968349 a prime number?
True
Is 3933646169 prime?
True
Is 10499651629 a prime number?
True
Is 1428673021 prime?
True
Is 33682949123 a prime number?
True
Is 158082569699 a prime number?
False
Is 14575683179 composite?
True
Is 35660479 a composite number?
False
Is 475003922149 prime?
True
Is 397038251 a prime number?
False
Is 1308023609 composite?
False
Is 15233294759 a prime number?
True
Is 10881263 a prime number?
True
Is 592075439 a prime number?
False
Is 9609430403 a prime number?
True
Is 7872510187 a composite number?
False
Is 2790367963 a prime number?
True
Is 1189357469 composite?
True
Is 584689901 prime?
True
Is 860715833 prime?
True
Is 5092408469 prime?
False
Is 177859691 a prime number?
False
Is 2575603243 composite?
True
Is 14058834598 a prime number?
False
Is 137001136763 a prime number?
True
Is 278920373 composite?
False
Is 3485583683 composite?
True
Is 47498201323 a composite number?
True
Is 5545722971 composite?
False
Is 30458346257 a composite number?
True
Is 375303548153 a prime num